e factors of l(b).
2, 5
Suppose 5*o - 22 = 2*b, 3*o + 2*b = 6*b + 2. What are the prime factors of (-2)/(-9 + 3) + 5878/o?
2, 5, 7
List the prime factors of (16 - (-1029)/(-63))*-68598.
2, 3, 37, 103
Suppose 0 = -105*p + 61993 + 1135007. List the prime factors of p.
2, 3, 5, 19
Let b = 1 - -2. Let f(j) = 119*j**2 - 2*j + 2. Let k be f(b). Suppose -5*z + k = 6*z. List the prime factors of z.
97
Suppose 0 = -5*w - 2*g + 46129, 4749 - 32421 = -3*w - 3*g. What are the prime factors of w?
9227
Let s be (-2)/7 + (-116)/(-14). Suppose s*t = -t + 27. Suppose t*k - 48 - 85 = -2*a, 3*k = 3*a - 222. List the prime factors of a.
71
List the prime factors of (-400719)/(-22)*(-190)/57*(-1)/5.
12143
Let w be (3/9)/((-1)/(-6)). Suppose b = -w*b - 213. Let q = 175 + b. List the prime factors of q.
2, 13
Let t(l) = 12*l**3 + 2*l - 1. Let z be t(1). Suppose -3759 - 3755 = -z*j. List the prime factors of j.
2, 17
Let a(i) = -5801*i - 4134. What are the prime factors of a(-9)?
3, 5, 641
Suppose 2*v - 3*p = -533, 0*v - v - 289 = 3*p. Let r = v + 456. List the prime factors of r.
2, 7, 13
What are the prime factors of 48*5/(-75)*-4945?
2, 23, 43
Let r(c) = c**2 + 10*c + 190. Suppose -56*p = -63*p + 217. List the prime factors of r(p).
3, 487
Let s(c) = 92*c**2 - 108*c**2 + 5*c + c**3 + 0*c**3 + 8 + c. List the prime factors of s(17).
3, 7, 19
Suppose 2*v + 8 = 4*h, -5*v = 3*h - 21 + 2. Suppose -3*n = k + 3*k - 18, 17 = 5*k + n. List the prime factors of k/8*-2*(v + -222).
3, 5, 11
Let m(w) = -114*w**2 + 6*w + 5. Let o(g) = 229*g**2 - 12*g - 9. Let l(t) = 5*m(t) + 3*o(t). List the prime factors of l(-2).
2, 239
Suppose 181*y - 375*y + 330039 = -185*y. List the prime factors of y.
36671
What are the prime factors of (562/(-4))/(86/(-430))*(-76)/(-10)?
19, 281
Let c = -22534 - -25450. List the prime factors of c.
2, 3
Suppose 24*p + 4826 + 1054 = 0. Let z = 732 + p. List the prime factors of z.
487
Suppose t - t = 3*t. Suppose 0 = -3*y + 4*d + 87 + 2, -y + 5*d + 48 = t. What are the prime factors of y?
23
Suppose -i = -9 + 31. Let h(x) = -x**2 - 17*x - 30. Let a be h(i). What are the prime factors of a*(4 - 57/12)?
3, 5, 7
Let g(z) be the first derivative of 169*z**2/2 + 5*z - 1321. Suppose 0*q + q = 4*f, f - 13 = -3*q. What are the prime factors of g(f)?
2, 3, 29
Let h = -51 + 63. Let l be 3 + 4/(h/(-3)). What are the prime factors of (l - 21)/((-2)/14)?
7, 19
Let b = -84 + 91. Let g be 1/(5/(-3)*b/105). Let w = g - -34. What are the prime factors of w?
5
Suppose p - 5243 = -r, 91*p - 94*p - 10466 = -2*r. List the prime factors of r.
13, 31
Let g(k) = -59*k - 3*k**2 + 36*k + 26*k + 5 - 437*k**3. List the prime factors of g(-1).
2, 109
Suppose 16*q = 17*q - 5. Suppose -m - 2*x = 10 - 5, m + q*x + 11 = 0. Let p = m - -64. List the prime factors of p.
3, 7
Let h(r) = -6*r - 83. Let j be h(-15). Suppose -o - 2451 = -4*b, 5*o = -3*b + j*b - 2463. What are the prime factors of b?
2, 3, 17
Let z = 7908 - -20061. List the prime factors of z.
3, 9323
Let l(j) = -j**3 + 10*j**2 - 20*j + 23. Let w be l(8). List the prime factors of (565/2)/(w - 95/(-10)).
5, 113
Suppose -4 = -g, -15*a + 5*g = -12*a - 30529. List the prime factors of a.
17, 599
Let b(t) = 3*t + 8*t**2 - 2*t - 10*t**2 + 4*t**2 - 16. List the prime factors of b(-8).
2, 13
Let d(b) = b + 19. Let a be d(-15). Suppose -a*w + 5*v = -35, 12 = w - 2*v + 4*v. What are the prime factors of ((-110)/4)/(w/(-100))?
5, 11
Suppose 2*p + 2*m = -m + 5, 0 = -9*m - 27. Let t(l) = 5*l**3 - l**2 + 6*l + 30. List the prime factors of t(p).
2, 11, 79
Let t(h) = 3*h + 34. Let f(q) = 13*q + 3. Let r be f(-1). Let m be t(r). Suppose -2*n + 332 = 4*b + 8, -m*b + 326 = n. List the prime factors of b.
2, 41
Suppose 3*c - 4 = 5. Suppose -2*u + c = 2*q - 7, -5*q - 2*u = -19. Let j = 12 - q. List the prime factors of j.
3
Let t(m) = -5*m**3 - 5*m**2 - 4*m - 895. What are the prime factors of t(-20)?
3, 5, 37, 67
What are the prime factors of (-3 - -9) + -17 + 13696?
5, 7, 17, 23
Let q = 39320 - -1781. What are the prime factors of q?
23, 1787
Let j be (4 - (-39)/(-9))*249. Let x = j + 182. Suppose x = 5*f - 166. List the prime factors of f.
53
Let c(w) = 9*w**2 - 9*w - 19. Let j be c(-7). What are the prime factors of j + -1 + (-9 - -3)?
2, 239
Let f = -13571 - -19433. List the prime factors of f.
2, 3, 977
Let t(n) = 40*n + 44. Let x be ((-70)/25)/(-7)*10. Suppose -32 = -2*r - 4*k, -x*r = 3*k + 7 - 46. List the prime factors of t(r).
2, 71
Suppose 2*y = 11 - 9. Let k(s) = 17*s + 5 + 16*s - 3. What are the prime factors of k(y)?
5, 7
Let o(k) = k**2 + 3*k - 4. Let r be o(-5). Suppose 4 = r*j - 8. Suppose 0 = j*h - 73 - 75. List the prime factors of h.
2, 37
Let a be (1/1)/((-5)/(-2*10)). Let y = 206 + a. What are the prime factors of y?
2, 3, 5, 7
Suppose -896 = -3*w + p, 11*w + 2*p - 1486 = 6*w. Let v = w - -809. What are the prime factors of v?
3, 41
Let g(s) = -s**2 + 71*s - 48. Let i be g(25). List the prime factors of (i + 1)*(5 + 4/(-1)).
1103
Let u(l) = -259*l - 46. Let f(d) = 2*d**3 - 24*d**2 - 2. Let b be f(12). List the prime factors of u(b).
2, 59
Let s be 12/(-10)*(-50)/30. Suppose -s*v + 3*v = 2*a - 3028, 2*a = -4*v + 3008. List the prime factors of a.
2, 3, 7
Suppose 21*h - 59*h - 23133 = -106885. What are the prime factors of h?
2, 19, 29
Let i(j) = 327*j**2 - 29*j - 8. What are the prime factors of i(-6)?
2, 47, 127
Let d(l) = l**3 + 2*l**2 - 2*l - 1. Let k(b) = b**3 + 9*b**2 - 2*b. Let q(p) = -6*d(p) + k(p). What are the prime factors of q(-4)?
2, 7, 17
Let t(x) = x**3 - 23*x**2 + 31*x - 101. Let d be t(22). Let k(i) = 2*i**2 - 4*i + 2. Let m be k(2). What are the prime factors of d + 2*(1 - m) + 6?
101
Let m = 28906 - 16467. List the prime factors of m.
7, 1777
Suppose 73*f + 73*f = 11*f + 2983365. What are the prime factors of f?
7, 11, 41
Let h(i) = 6608*i**3 - i**2 - 89*i + 175. What are the prime factors of h(2)?
3, 7, 839
Let m = 14 + 272. Let k = m + -22. What are the prime factors of k?
2, 3, 11
Let a = -58 + 51. Let p(c) = -c**3 - 9*c**2 - 16*c - 2. Let i be p(a). List the prime factors of (i/(-15))/(1 - 56/55).
2, 11
Suppose 0 = 10*j - j - 18. Let y = 20 + 98. Suppose y = -3*g + 5*g - j*p, -p + 189 = 3*g. List the prime factors of g.
2, 31
Let b(u) = -u**2 - 92*u + 33*u + 11*u - 21 + 16*u. Suppose 1 = -f - 3*h - 27, 3*h - 60 = 3*f. List the prime factors of b(f).
199
Suppose 4*n = -j + 39703, -5*j = -n - 675 + 10627. What are the prime factors of n?
3, 1103
Let z = 26 - -1502. What are the prime factors of z?
2, 191
Let d = 185 - 182. Suppose -2*r + 257 = j, -6*r = -d*r + 5*j - 368. What are the prime factors of r?
131
Let u(d) = -2*d**3 + 4*d**2 + 2*d - 1. Let t be u(-1). Let y(c) = -1 + 6*c - 3*c**2 - 5*c**3 + 5*c**2 - t*c**2. List the prime factors of y(-3).
107
Suppose 1488*f - 1505*f = -172856. What are the prime factors of f?
2, 31, 41
Let z(k) = 2656*k**2 + 12*k - 2. List the prime factors of z(-1).
2, 1321
Suppose 2027 = -12*l - 3229. Let h = l + 628. List the prime factors of h.
2, 5, 19
What are the prime factors of 9/1 - (0 - -26184)/(-3)?
8737
Suppose -v - a = -837 - 999, 2*v - 4*a - 3654 = 0. Suppose 6*i - 2*i - v = -3*b, 5*b + 4*i - 3063 = 0. List the prime factors of b.
3, 5, 41
What are the prime factors of 188568/5 + (6210/(-225) - -27)?
3, 13, 967
Suppose -2*w + p = -57184, 1838*w + 5*p = 1843*w - 142965. What are the prime factors of w?
28591
Let s be 5*(478188/195 + (-2)/(-13)). Suppose -15*h + 12308 = -s. What are the prime factors of h?
2, 3, 7, 13
List the prime factors of ((-11816)/(-182))/((-6)/(-7761)).
2, 199, 211
Let l(q) = -2*q**2 + 16*q - 18. Let n be l(6). Suppose -11 = s - n. Let v(b) = -4*b + 13. What are the prime factors of v(s)?
3, 11
Let w(f) = 4*f**3 + f**2 - f - 2. Suppose -3*i + d + 86 - 29 = 0, 0 = 4*i + 2*d - 66. Let b = 21 - i. List the prime factors of w(b).
2, 7
Let y = -53 + 68. Let u be 0 + -68 + (-3)/(y/(-10)). Let w = 25 - u. List the prime factors of w.
7, 13
Let g = -238 - 250. List the prime factors of (-3 - -7)*g/(-16).
2, 61
Let f = -26433 - -39178. List the prime factors of f.
5, 2549
Suppose -832449 = -129*l - 266010. What are the prime factors of l?
4391
Let n be (-1)/(7283/2428 + -3). Suppose -n = -9*i + 956. List the prime factors of i.
2, 47
Suppose 7*a 